 are the prime factors of 1090?
2, 5, 109
List the prime factors of 13422.
2, 3, 2237
What are the prime factors of 92988?
2, 3, 7, 41
List the prime factors of 80497.
101, 797
List the prime factors of 475.
5, 19
List the prime factors of 1807.
13, 139
List the prime factors of 753.
3, 251
What are the prime factors of 17589?
3, 11, 13, 41
List the prime factors of 4890.
2, 3, 5, 163
What are the prime factors of 30303?
3, 7, 13, 37
List the prime factors of 76089.
3, 13, 1951
List the prime factors of 3880.
2, 5, 97
What are the prime factors of 2620?
2, 5, 131
List the prime factors of 369.
3, 41
List the prime factors of 1266.
2, 3, 211
List the prime factors of 1489.
1489
List the prime factors of 94058.
2, 131, 359
List the prime factors of 6458.
2, 3229
What are the prime factors of 193?
193
What are the prime factors of 55097?
7, 17, 463
What are the prime factors of 29229?
3, 9743
List the prime factors of 131959.
131959
What are the prime factors of 3552?
2, 3, 37
What are the prime factors of 4696?
2, 587
What are the prime factors of 26948?
2, 6737
What are the prime factors of 737?
11, 67
What are the prime factors of 273?
3, 7, 13
List the prime factors of 14784.
2, 3, 7, 11
What are the prime factors of 101138?
2, 61, 829
What are the prime factors of 91702?
2, 13, 3527
List the prime factors of 2015.
5, 13, 31
What are the prime factors of 49223?
49223
What are the prime factors of 17236?
2, 31, 139
List the prime factors of 3110.
2, 5, 311
What are the prime factors of 837?
3, 31
List the prime factors of 2195.
5, 439
List the prime factors of 10162.
2, 5081
List the prime factors of 23472.
2, 3, 163
What are the prime factors of 7672?
2, 7, 137
What are the prime factors of 1019?
1019
List the prime factors of 103458.
2, 3, 43, 401
What are the prime factors of 2324?
2, 7, 83
What are the prime factors of 2975?
5, 7, 17
What are the prime factors of 645?
3, 5, 43
List the prime factors of 18088.
2, 7, 17, 19
What are the prime factors of 70405?
5, 14081
What are the prime factors of 77510?
2, 5, 23, 337
List the prime factors of 993.
3, 331
List the prime factors of 12229.
7, 1747
What are the prime factors of 528?
2, 3, 11
What are the prime factors of 1150?
2, 5, 23
What are the prime factors of 31642?
2, 13, 1217
What are the prime factors of 2393?
2393
List the prime factors of 14000.
2, 5, 7
What are the prime factors of 5043?
3, 41
List the prime factors of 2291.
29, 79
What are the prime factors of 166920?
2, 3, 5, 13, 107
What are the prime factors of 2509?
13, 193
List the prime factors of 6223.
7, 127
List the prime factors of 153164.
2, 11, 59
List the prime factors of 394.
2, 197
What are the prime factors of 24989?
24989
List the prime factors of 30646.
2, 7, 11, 199
What are the prime factors of 4259?
4259
What are the prime factors of 13779?
3, 1531
List the prime factors of 2373.
3, 7, 113
What are the prime factors of 1261?
13, 97
What are the prime factors of 675?
3, 5
What are the prime factors of 18365?
5, 3673
What are the prime factors of 8996?
2, 13, 173
List the prime factors of 12461.
17, 733
List the prime factors of 981.
3, 109
What are the prime factors of 733?
733
List the prime factors of 6405.
3, 5, 7, 61
List the prime factors of 16620.
2, 3, 5, 277
List the prime factors of 1584.
2, 3, 11
What are the prime factors of 120795?
3, 5, 8053
List the prime factors of 891.
3, 11
List the prime factors of 50955.
3, 5, 43, 79
List the prime factors of 447.
3, 149
List the prime factors of 4236.
2, 3, 353
List the prime factors of 1518.
2, 3, 11, 23
What are the prime factors of 444?
2, 3, 37
List the prime factors of 45736.
2, 5717
What are the prime factors of 6372?
2, 3, 59
What are the prime factors of 11163?
3, 61
List the prime factors of 2755.
5, 19, 29
What are the prime factors of 3765?
3, 5, 251
What are the prime factors of 45624?
2, 3, 1901
List the prime factors of 121603.
277, 439
What are the prime factors of 344?
2, 43
What are the prime factors of 1080?
2, 3, 5
What are the prime factors of 64?
2
What are the prime factors of 1821?
3, 607
List the prime factors of 8512.
2, 7, 19
What are the prime factors of 8581?
8581
What are the prime factors of 18861?
3, 6287
List the prime factors of 5799.
3, 1933
List the prime factors of 54140.
2, 5, 2707
List the prime factors of 6693.
3, 23, 97
List the prime factors of 3360.
2, 3, 5, 7
What are the prime factors of 2194?
2, 1097
List the prime factors of 19437.
3, 11, 19, 31
List the prime factors of 29440.
2, 5, 23
What are the prime factors of 85231?
29, 2939
What are the prime factors of 4084?
2, 1021
List the prime factors of 714.
2, 3, 7, 17
What are the prime factors of 1952?
2, 61
What are the prime factors of 3338?
2, 1669
List the prime factors of 9749.
9749
What are the prime factors of 22719?
3, 7573
What are the prime factors of 127956?
2, 3, 10663
What are the prime factors of 7220?
2, 5, 19
What are the prime factors of 36473?
36473
What are the prime factors of 88390?
2, 5, 8839
List the prime factors of 11460.
2, 3, 5, 191
List the prime factors of 99029.
7, 43, 47
List the prime factors of 42404.
2, 10601
What are the prime factors of 1644?
2, 3, 137
List the prime factors of 12302.
2, 6151
List the prime factors of 8261.
11, 751
List the prime factors of 63746.
2, 31873
List the prime factors of 11722.
2, 5861
List the prime factors of 40.
2, 5
What are the prime factors of 2276?
2, 569
List the prime factors of 3675.
3, 5, 7
List the prime factors of 4125.
3, 5, 11
What are the prime factors of 900?
2, 3, 5
What are the prime factors of 8016?
2, 3, 167
What are the prime factors of 142?
2, 71
List the prime factors of 15917.
11, 1447
List the prime factors of 708.
2, 3, 59
List the prime factors of 29136.
2, 3, 607
List the prime factors of 3662.
2, 1831
What are the prime factors of 1190?
2, 5, 7, 17
List the prime factors of 849.
3, 283
List the prime factors of 12766.
2, 13, 491
What are the prime factors of 1092?
2, 3, 7, 13
What are the prime factors of 6114?
2, 3, 1019
What are the prime factors of 66386?
2, 19, 1747
What are the prime factors of 44734?
2, 22367
What are the prime factors of 42155?
5, 8431
List the prime factors of 8005.
5, 1601
List the prime factors of 2491.
47, 53
List the prime factors of 9675.
3, 5, 43
What are the prime factors of 18300?
2, 3, 5, 61
List the prime factors of 1495.
5, 13, 23
What are the prime factors of 12149?
12149
What are the prime factors of 6555?
3, 5, 19, 23
List the prime factors of 26008.
2, 3251
List the prime factors of 11121.
3, 11, 337
List the prime factors of 24139.
101, 239
What are the prime factors of 73426?
2, 36713
List the prime factors of 3371.
3371
What are the prime factors of 39199?
39199
List the prime factors of 1648.
2, 103
What are the prime factors of 594?
2, 3, 11
What are the prime factors of 13720?
2, 5, 7
What are the prime factors of 2028?
2, 3, 13
What are the prime factors of 80813?
211, 383
List the prime factors of 238.
2, 7, 17
List the prime factors of 14496.
2, 3, 151
What are the prime factors of 79228?
2, 29, 683
List the prime factors of 24982.
2, 12491
List the prime factors of 4.
2
List the prime factors of 207.
3, 23
What are the prime factors of 1117?
1117
What are the prime factors of 522?
2, 3, 29
List the prime factors of 4187.
53, 79
What are the prime factors of 10071?
3, 373
What are the prime factors of 47?
47
List the prime factors of 1120.
2, 5, 7
What are the prime factors of 835?
5, 167
What are the prime factors of 4151?
7, 593
List the prime factors of 867.
3, 17
List the prime factors of 14638.
2, 13, 563
What are the prime factors of 702?
2, 3, 13
What are the prime factors of 142134?
2, 3, 23689
List the prime factors of 12017.
61, 197
List the prime factors of 1048.
2, 131
What are the prime factors of 11285?
5, 37, 61
List the prime factors of 26801.
26801
What are the prime factors of 30603?
3, 101
List the prime factors of 5388.
2, 3, 449
List the prime factors of 474.
2, 3, 79
List the prime factors of 68796.
2, 3, 7, 13
List the prime factors of 91780.
2, 5, 13, 353
List the prime factors of 3846.
2, 3, 641
What are the prime factors of 4369?
17, 257
List the prime factors of 3048.
2, 3, 127
List the prim